rime factors of l.
73
Let j = 0 + 40. Let p = j + 8. What are the prime factors of p?
2, 3
Suppose -c + 4*a = -276, -4*c - 6*a = -4*a - 1086. List the prime factors of c.
2, 17
Let n(t) = t**2 - 6. List the prime factors of n(-7).
43
Suppose -1 = a - 4. Let u(s) = -a*s - s**2 + s**2 + s**2 - 4. List the prime factors of u(7).
2, 3
Let a = -38 + 71. List the prime factors of a.
3, 11
Suppose -p = -5*z - 163, -6*p + 2*z + 326 = -4*p. What are the prime factors of p?
163
Suppose 0 = 4*c + 4*n - 72, -2*c - 5*n + 9 + 36 = 0. Suppose -5*k + c = -4*k. What are the prime factors of k?
3, 5
Let u = -9 + 11. Suppose -2*r = -8, u*s = -0*s + 3*r + 14. What are the prime factors of s?
13
Let y(w) = 5*w**3 - 9*w**2 + 9*w + 2. Let m(d) = -d**3 - 1. Let c(b) = 6*m(b) + y(b). What are the prime factors of c(-10)?
2, 3
Suppose -281 = -3*h + q - 0*q, 5*h - 4*q = 459. What are the prime factors of h?
5, 19
Let x be 0/(-1 - (2 - 1)). Let k = 37 + x. List the prime factors of k.
37
List the prime factors of ((-122)/(-3))/((-7)/((-63)/2)).
3, 61
Let s(a) = 6*a**2 + 3*a + 4. Let n be (1/(-3))/((-3)/(-27)). Let p be s(n). Suppose 0 = v - 0*v - 3, -4*c + 5*v + p = 0. List the prime factors of c.
2
Let s be -1 + (4 - 0) - 4. What are the prime factors of (s - 10)*(-7)/7?
11
Suppose 0 = 5*c - 4 - 11. Let a be ((-60)/(-9))/(c/(-9)). Let i = a - -33. List the prime factors of i.
13
Suppose -4*u = 4*k + 8, 4*k = -5*u - 4 - 4. List the prime factors of 2 + 9*2 - u.
2, 5
Let p = -231 - -351. List the prime factors of p.
2, 3, 5
Let g(c) = 13*c**3 - c. Let v be (-10)/(-2) + -1 + 2. Let h(f) = -f + 7. Let m be h(v). List the prime factors of g(m).
2, 3
Suppose -3*b = -b - 18. List the prime factors of b.
3
Let d(i) = i**2 + 2*i - 2. Let w(y) = -y**2 + 7*y + 4. Let f be w(7). What are the prime factors of d(f)?
2, 11
Let q be 10/(-35) + (-108)/14. Let p be 1*(-3 - -5) - q. List the prime factors of p - ((-18)/3)/(-3).
2
Let m(y) = 4*y - 5. Let i(d) = -4*d + 4. Let z(k) = -4*i(k) - 3*m(k). List the prime factors of z(8).
31
Suppose 3*n - z - 167 = 0, -4*n - 3*z + 224 = 10. Suppose 5*s + 4*w = n, 4*w = -s + 2*w + 17. Let r = 2 + s. What are the prime factors of r?
3
Let p(i) = -7*i + 2. Let u(r) = r - 6. Let o be u(7). Let d(t) = -1. Let w(s) = o*p(s) + 2*d(s). What are the prime factors of w(-1)?
7
Let y(g) = g**2 - 2*g + 1. Let f(o) = -o**3 + 4*o**2 - 2*o + 2. Let j be f(2). List the prime factors of y(j).
5
Let i(t) = t**2 + 3*t - 3. Let k be i(3). What are the prime factors of 2/(-5) + 156/k?
2, 5
Suppose -2*w + 7*w + 170 = 0. List the prime factors of w/(-3) - 4/(-6).
2, 3
Let r = 13 + 36. Suppose -3*b + 3*y = -36, -5*b - 5 = -y - r. What are the prime factors of b?
2
Suppose 0 = -3*x + 6*x - 12. Let m(t) = -2*t - 4. Let l be m(x). List the prime factors of 1/(-4) + (-39)/l.
3
Suppose -7 = -2*w - 23. Let y = w - -19. List the prime factors of y.
11
Let l(t) = t**2 + 2*t - 2. Let w(c) = -8*c**3 + c**2. Let g be w(1). Let k be l(g). List the prime factors of k/7 - (-8)/28.
5
Let a(d) = d + 19. What are the prime factors of a(0)?
19
Let o(m) = 5*m - 3. Let s(y) be the second derivative of 4*y**3 - 8*y**2 + 4*y. Let w(r) = 16*o(r) - 3*s(r). What are the prime factors of w(2)?
2
Let t be (-36)/10 + 2/(-5). What are the prime factors of (t + 1)/((-6)/76)?
2, 19
Let q = 1 + 9. What are the prime factors of 6/2 + 430/q?
2, 23
Suppose 5*f - 255 = -8*g + 3*g, 2*f - 255 = -5*g. List the prime factors of g.
3, 17
Let g = 35 - -1. List the prime factors of ((-1)/3)/((-4)/g).
3
Let r(t) be the second derivative of t**5/20 - t**4/3 + t**3/2 + t**2 + 2*t. Let x be r(3). What are the prime factors of 6/7*14/x?
2, 3
Let x be 3 - 10/(-2)*-2. What are the prime factors of (7/2)/x*-6?
3
Suppose 230 = 4*p - 190. What are the prime factors of p?
3, 5, 7
Let j(l) be the second derivative of l**4/2 + l**3/6 - l**2/2 - 5*l. What are the prime factors of j(1)?
2, 3
Suppose -3*s + f + 13 = 0, 2*s - 2*f - 14 = -0*f. Suppose -s*i = -7*i + 96. What are the prime factors of i?
2, 3
Let s(p) = 12*p. Let b be s(3). Suppose -b = -4*o + 60. What are the prime factors of o?
2, 3
Let t be 64/(2 - 0) + 1. Let h = 103 - 46. Suppose 5*x = h + t. What are the prime factors of x?
2, 3
Let j = -5 - -7. Suppose -j*u + 48 = -0*u. List the prime factors of u.
2, 3
Suppose -v = -6*v + 20. Suppose 2*p = 5*o - 16, -p - v*o + 13 = -5. Suppose -k + 5 = 3*g, 0 = -5*k + p*g + 23 + 19. List the prime factors of k.
2
Suppose 56 = 7*c + 7. What are the prime factors of c?
7
Let a(n) = 2*n**2 - 7*n + 3. Let j be a(3). Suppose 3*l - 3*x = 6*l - 90, j = -2*l + x + 75. List the prime factors of l.
5, 7
Suppose 88 = 4*h - 0*h. What are the prime factors of h?
2, 11
Let k(c) = -c + 38. Let b be k(16). Suppose -h + 5*x + 90 = h, 5*h - x = 179. Let w = h - b. What are the prime factors of w?
13
Suppose 114 = -0*a + 2*a + 2*i, -i = -2*a + 123. List the prime factors of (a/9)/((-2)/(-6)).
2, 5
Suppose 5*h = -3*i + 1025, 2*i = -10*h + 7*h + 616. What are the prime factors of h?
2, 101
Suppose 4*m - 29 = 11. Let y = 15 - m. What are the prime factors of y?
5
Let y be -5 - (1 + -2 + -1). Let i be 2/y*1*3. List the prime factors of (-10)/1*(1 + i).
2, 5
Let l be (-2)/4*(-8)/1. Suppose -3*h + 2*a + l = -0*h, 5*h - 4*a = 8. Suppose h = 2*k - 22. List the prime factors of k.
11
Suppose 54*c - 160 = 49*c. List the prime factors of c.
2
Suppose s + 2 = 2*s. Suppose 0 = s*z - 15 - 9. What are the prime factors of z*(0 + 4/6)?
2
Let q be 0 - ((0 - 1) + -19). Let r = q + -11. What are the prime factors of r?
3
Let z be (13 - 1)*2/6. Suppose 7 = z*a - 5. List the prime factors of a.
3
Suppose -5*g + 467 - 42 = 0. List the prime factors of g.
5, 17
Let r(g) = g + 1. Let t be 1/(-1) + 0/4. Let w(s) = -5*s - 5. Let v(z) = t*w(z) - 4*r(z). List the prime factors of v(5).
2, 3
Let c = 1 + 1. Suppose c*d + 33 = 5*d. List the prime factors of d.
11
Let i(m) = -m**2 + 0 + 0 - 7*m - 3. List the prime factors of i(-5).
7
List the prime factors of 18/4*80/3.
2, 3, 5
Let t(n) = n**3 - 11*n**2 - n + 12. Let c be t(11). Let q(u) = u + 6. Let y be q(-6). What are the prime factors of (c - y)/(1/3)?
3
Let c be 7 + 0 + -3 + 0. Let d = 33 - c. What are the prime factors of d?
29
Suppose n = -0*n + 27. Suppose 4*t - n - 93 = 0. List the prime factors of t.
2, 3, 5
Suppose 5*l = n + 365, 9*l - 365 = 4*l - 2*n. What are the prime factors of l?
73
Let x(d) = d**2 + 5*d - 10. Let w be x(-7). Suppose -w*l = -4, p + l - 12 = -0*p. List the prime factors of p.
11
Suppose 3*k - 219 = -4*r - 2*k, -2*r + 90 = -4*k. List the prime factors of r.
3, 17
Let f be -1 + (1 - 0) + 1. Let s be 8*3*(-1)/6. What are the prime factors of (-7)/f*(s + 2)?
2, 7
Let i(a) = a + 3. List the prime factors of i(3).
2, 3
Let p(a) = -a + 5. Let g be p(-6). Let l = 17 - g. Suppose 44 = 3*k + 3*i - 16, -3*i = -l. List the prime factors of k.
2, 3
Let r(c) = -11*c - 9. What are the prime factors of r(-6)?
3, 19
Suppose 0 = 4*d + d + 4*q - 170, -d + 3*q = -53. Suppose -3*b = -22 - d. Suppose -x + b = 4*x. What are the prime factors of x?
2
Suppose -5*o + 92 = 3*l - 5, 3*l + 43 = 2*o. Let c be 1/5 - 4/o. Suppose -3*i + i + 32 = c. List the prime factors of i.
2
Suppose -4*l = -12, 2*i = 3*i - 2*l + 35. Let j = 61 + i. List the prime factors of j.
2
Suppose 4*b + 0*b - 20 = 0. Suppose -2*y = 2*c - 34, -2*c + b*c + 2*y - 48 = 0. List the prime factors of c.
2, 7
Suppose 2*r + 80 = 4*r - 2*l, -5*r = 4*l - 227. Suppose -c = 2*x - 25, 2*x - 4*c = -x + r. List the prime factors of x.
13
Let g(u) = -u**3 + 6*u**2 - u + 6. Let c be g(6). Suppose -x = 4*x - 4*o + 1, x + 5*o - 23 = c. Suppose -10 = -x*y + 5. What are the prime factors of y?
5
Let x = 0 - 8. Let p = x - -37. List the prime factors of p.
29
Let q be 1*9/(-3) - -73. What are the prime factors of q/6 - 2/(-6)?
2, 3
Suppose -5*z = -31 - 259. List the prime factors of z.
2, 29
Let c(u) be the second derivative of u**5/5 + u**3/6 + u. Let l be c(1). Suppose -2*i + 4*s = -44, -l*i = -2*i - 2*s - 46. What are the prime factors of i?
2, 3
Suppose 450 = 2*h + 90. List the prime factors of h.
2, 3, 5
List the prime factors of 11/((-22)/(-156)) + 2.
2, 5
Let z = -4 + 7. Suppose z*g + g = 40. What are the prime factors of g?
2, 5
Let r be 6/9*45/(-6). Let i(d) 